or of 78706?
False
Is 277206 a multiple of 94?
True
Is 34 a factor of 367923?
False
Is 133 a factor of 1830542?
False
Does 7 divide 3590468?
True
Does 25 divide 786948?
False
Does 272 divide 110160?
True
Is 4338963 a multiple of 981?
True
Is 317701 a multiple of 11?
False
Is 22 a factor of 174392?
False
Is 990546 a multiple of 167?
False
Does 119 divide 491338?
False
Is 193970 a multiple of 170?
True
Does 12 divide 3945360?
True
Is 788379 a multiple of 20?
False
Is 7 a factor of 48541?
False
Is 325528 a multiple of 32?
False
Is 139 a factor of 115509?
True
Is 1213110 a multiple of 822?
False
Is 69650 a multiple of 25?
True
Is 108 a factor of 54756?
True
Is 81 a factor of 1705575?
False
Is 622 a factor of 230140?
True
Does 6 divide 7501931?
False
Does 20 divide 89635?
False
Is 1024379 a multiple of 20?
False
Is 6973536 a multiple of 51?
True
Is 1243026 a multiple of 162?
True
Is 127 a factor of 337058?
True
Is 65321 a multiple of 83?
True
Is 63500 a multiple of 17?
False
Does 98 divide 1314964?
True
Is 908123 a multiple of 56?
False
Does 84 divide 3384780?
True
Is 314 a factor of 395326?
True
Does 62 divide 2508272?
True
Is 78 a factor of 94384?
False
Does 1619 divide 278468?
True
Is 335881 a multiple of 13?
True
Is 215172 a multiple of 18?
True
Does 143 divide 19305?
True
Is 37 a factor of 160839?
True
Is 86409 a multiple of 346?
False
Is 16 a factor of 911328?
True
Is 93851 a multiple of 12?
False
Is 32 a factor of 113280?
True
Does 17 divide 159800?
True
Is 210 a factor of 94080?
True
Is 129 a factor of 16169247?
True
Is 222413 a multiple of 36?
False
Is 3 a factor of 1093993?
False
Does 20 divide 6935943?
False
Is 5404835 a multiple of 95?
True
Is 248387 a multiple of 627?
False
Is 269802 a multiple of 39?
True
Is 36 a factor of 1867536?
True
Is 103647 a multiple of 9?
False
Is 34 a factor of 104925?
False
Is 102172 a multiple of 7?
True
Does 745 divide 1354410?
True
Does 253 divide 173609?
False
Does 134 divide 1335176?
True
Does 27 divide 614196?
True
Is 40660 a multiple of 5?
True
Is 8 a factor of 122648?
True
Is 115391 a multiple of 15?
False
Is 8 a factor of 1813298?
False
Is 10 a factor of 1120?
True
Is 3835005 a multiple of 15?
True
Is 1026 a factor of 1988388?
True
Is 40 a factor of 227180?
False
Is 32769 a multiple of 183?
False
Is 14673624 a multiple of 57?
True
Is 1028484 a multiple of 27?
True
Is 10 a factor of 27580?
True
Does 60 divide 4620?
True
Is 387 a factor of 75106?
False
Is 2425354 a multiple of 215?
False
Is 225300 a multiple of 150?
True
Is 308482 a multiple of 422?
True
Does 33 divide 264954?
False
Is 11069859 a multiple of 257?
False
Is 134 a factor of 1028450?
True
Is 25 a factor of 2635987?
False
Is 53 a factor of 10239388?
True
Is 347 a factor of 4858?
True
Is 443363 a multiple of 172?
False
Is 13815 a multiple of 5?
True
Is 76801 a multiple of 21?
False
Is 829 a factor of 10317181?
False
Is 32340 a multiple of 35?
True
Is 15 a factor of 671619?
False
Does 16 divide 247128?
False
Does 87 divide 398895?
True
Is 347 a factor of 109652?
True
Is 554148 a multiple of 108?
True
Is 5313830 a multiple of 10?
True
Does 2 divide 57112?
True
Is 1325500 a multiple of 55?
True
Does 43 divide 63031?
False
Does 24 divide 2192385?
False
Is 3 a factor of 5897091?
True
Is 58 a factor of 210482?
True
Does 33 divide 168053?
False
Is 1578576 a multiple of 24?
True
Is 493279 a multiple of 466?
False
Is 25 a factor of 9340000?
True
Does 1113 divide 4093614?
True
Is 187712 a multiple of 8?
True
Does 42 divide 198240?
True
Is 14 a factor of 56501?
False
Is 14 a factor of 63100?
False
Is 40509 a multiple of 7?
True
Is 3790978 a multiple of 13?
False
Is 555147 a multiple of 709?
True
Is 26 a multiple of 6?
False
Is 212 a factor of 3771692?
True
Does 21 divide 3392214?
True
Is 84 a factor of 93576?
True
Is 135 a factor of 32022?
False
Is 18525 a multiple of 3?
True
Is 842164 a multiple of 44?
False
Is 262740 a multiple of 11?
False
Is 54 a factor of 801414?
True
Does 10 divide 271632?
False
Is 133 a factor of 8822156?
True
Does 11 divide 4094849?
True
Does 18 divide 5981843?
False
Does 68 divide 383996?
True
Does 9 divide 72936?
True
Is 15177 a multiple of 83?
False
Is 986 a factor of 34510?
True
Is 116 a factor of 4240077?
False
Is 87813 a multiple of 33?
True
Is 54544 a multiple of 16?
True
Is 3 a factor of 151037?
False
Is 396240 a multiple of 9?
False
Is 93654 a multiple of 6?
True
Does 228 divide 824001?
False
Does 19 divide 651434?
True
Is 231 a factor of 1548855?
True
Is 338330 a multiple of 13?
False
Is 41 a factor of 21549?
False
Is 179395 a multiple of 16?
False
Is 100455 a multiple of 83?
False
Is 3 a factor of 3346?
False
Is 373868 a multiple of 22?
True
Is 12 a factor of 14608888?
False
Does 8 divide 3098656?
True
Does 1509 divide 1488390?
False
Is 54 a factor of 4482?
True
Is 972 a factor of 517104?
True
Is 917876 even?
True
Is 102 a factor of 12121777?
False
Does 140 divide 95200?
True
Is 730256 a multiple of 16?
True
Is 10770326 a multiple of 21?
False
Is 48 a factor of 313200?
True
Does 214 divide 210148?
True
Does 87 divide 6558147?
True
Is 1084515 a multiple of 15?
True
Is 10 a factor of 622125?
False
Does 16 divide 85060?
False
Does 330 divide 1277100?
True
Is 7259544 a multiple of 18?
True
Is 11 a factor of 627480?
False
Is 263045 a multiple of 7?
False
Is 95193 a multiple of 63?
True
Does 347 divide 902200?
True
Is 4 a factor of 84498?
False
Is 77 a factor of 2830544?
False
Is 10893873 a multiple of 14?
False
Is 388916 a multiple of 44?
True
Is 20 a factor of 1563540?
True
Does 9 divide 1476936?
True
Does 20 divide 21580?
True
Does 479 divide 615515?
True
Is 183750 a multiple of 175?
True
Is 52224 a multiple of 48?
True
Is 117 a factor of 501930?
True
Does 3 divide 33912?
True
Does 203 divide 178216?
False
Is 35 a factor of 361165?
True
Is 32 a factor of 1577952?
True
Does 10 divide 8035338?
False
Is 28 a factor of 5847579?
False
Is 197749 a multiple of 31?
True
Is 19369 a multiple of 45?
False
Is 275080 a multiple of 104?
True
Does 12 divide 652684?
False
Is 155260 a multiple of 140?
True
Does 39 divide 266506?
False
Is 733337 a multiple of 409?
True
Is 329 a factor of 123375?
True
Is 1972817 a multiple of 38?
False
Is 580164 a multiple of 92?
False
Is 125556 a multiple of 93?
False
Does 415 divide 810910?
True
Is 3463374 a multiple of 59?
False
Is 12587 a multiple of 4?
False
Is 100 a factor of 2652600?
True
Does 102 divide 148818?
True
Does 1461 divide 956955?
True
Is 389448 a multiple of 81?
True
Is 1088852 a multiple of 7?
False
Is 94245 a multiple of 61?
True
Is 7 a factor of 8015?
True
Does 8 divide 34600?
True
Is 450840 a multiple of 120?
True
Does 68 divide 8588218?
False
Does 186 divide 90614?
False
Does 67 divide 11457?
True
Is 929168 a multiple of 5?
False
Is 376403 a multiple of 267?
False
Is 195 a factor of 31834?
False
Is 62836 a multiple of 23?
True
Is 4864251 a multiple of 21?
True
Is 731 a factor of 8892519?
False
Is 688 a factor of 2114224?
True
Does 3 divide 100602?
True
Does 821 divide 931154?
False
Is 33 a factor of 69663?
True
Does 405 divide 2604427?
False
Does 1047 divide 2966386?
False
Is 17 a factor of 1628301?
False
Is 1979727 a multiple of 17?
False
Is 693200 a multiple of 400?
True
Does 59 divide 22695?
False
Does 245 divide 135975?
True
Is 803 a factor of 908193?
True
Is 3179571 a multiple of 187?
False
Is 19 a factor of 347472?
True
Does 43 divide 180729?
True
Is 3244500 a multiple of 233?
False
Is 26 a factor of 38428?
True
Is 608540 a multiple of 188?
False
Is 3096730 a multiple of 35?
True
Does 13 divide 5110573?
True
Is 1578528 a multiple of 12?
True
Is 74 a factor of 4144?
True
Does 328 divide 134152?
True
Is 201 a factor of 62339?
False
Is 837000 a multiple of 5?
True
Does 41 divide 230420?
True
Is 32982 a multiple of 46?
True
Is 10055115 a multiple of 105?
True
Does 597 divide 450138?
True
Is 50 a factor of 52850?
True
Is 105 a factor of 125265?
True
Is 326 a factor of 188394?
False
Does 6 divide 635283?
False
Is 448 a factor of 1249472?
True
Is 14 a factor of 36932?
True
Is 38 a factor of 194674?
True
Is 40 a factor of 1081440?
True
Is 3563262 a multiple of 22?
False
Is 3751542 a multiple of 6?
True
Is 604717 a multiple of 31?
True
Does 173 divide 225246?
True
Does 150 divid